16.
7
What is 46 (base 8) in base 5?
123
1 (base 5) to base 11
1
-31 (base 4) to base 6
-21
What is 1 (base 13) in base 15?
1
0 (base 7) to base 2
0
What is -30 (base 10) in base 13?
-24
-10 (base 4) to base 7
-4
2 (base 16) to base 9
2
Convert -94 (base 15) to base 12.
-b7
What is 0 (base 4) in base 13?
0
6 (base 9) to base 4
12
What is -36 (base 7) in base 13?
-21
What is -15 (base 14) in base 10?
-19
5 (base 11) to base 6
5
Convert -5 (base 12) to base 4.
-11
What is -1 (base 6) in base 16?
-1
What is 5 (base 11) in base 10?
5
b (base 14) to base 15
b
What is 9 (base 14) in base 10?
9
What is 43 (base 12) in base 2?
110011
1 (base 12) to base 2
1
72 (base 10) to base 6
200
What is 1110 (base 4) in base 13?
66
Convert -11000010 (base 2) to base 4.
-3002
Convert 1 (base 11) to base 5.
1
What is 1 (base 6) in base 10?
1
What is 34 (base 5) in base 15?
14
-1 (base 16) to base 10
-1
What is -102 (base 5) in base 14?
-1d
Convert 108 (base 12) to base 16.
98
What is -1 (base 3) in base 7?
-1
Convert -4 (base 10) to base 2.
-100
4 (base 11) to base 4
10
Convert 60 (base 8) to base 9.
53
Convert 3 (base 15) to base 14.
3
Convert a (base 11) to base 9.
11
What is 13 (base 14) in base 9?
18
What is -12 (base 16) in base 14?
-14
-12 (base 8) to base 12
-a
What is 1 (base 15) in base 6?
1
What is -3 (base 7) in base 10?
-3
200 (base 4) to base 9
35
Convert -233 (base 4) to base 8.
-57
What is -24 (base 15) in base 16?
-22
What is 35 (base 10) in base 5?
120
What is 13 (base 4) in base 2?
111
Convert -12 (base 3) to base 14.
-5
What is 13 (base 12) in base 5?
30
What is 16 (base 12) in base 8?
22
Convert 8 (base 9) to base 12.
8
11 (base 2) to base 4
3
What is 15 (base 12) in base 4?
101
-8 (base 9) to base 2
-1000
What is -26 (base 8) in base 6?
-34
8 (base 14) to base 9
8
Convert 39 (base 11) to base 10.
42
2 (base 4) to base 7
2
Convert -10 (base 6) to base 5.
-11
1 (base 10) to base 11
1
What is -255 (base 11) in base 14?
-178
What is -2 (base 8) in base 2?
-10
Convert -164 (base 8) to base 2.
-1110100
Convert -100111 (base 3) to base 14.
-144
-21 (base 13) to base 12
-23
Convert 0 (base 4) to base 12.
0
What is -101 (base 2) in base 6?
-5
Convert -5 (base 13) to base 5.
-10
-22 (base 13) to base 4
-130
-17 (base 9) to base 12
-14
Convert 7 (base 13) to base 3.
21
What is 12 (base 11) in base 7?
16
Convert 6 (base 12) to base 7.
6
Convert 72 (base 10) to base 6.
200
What is -2b (base 12) in base 2?
-100011
Convert 161 (base 7) to base 6.
232
Convert 42 (base 6) to base 16.
1a
Convert -1122 (base 5) to base 6.
-430
Convert -1 (base 7) to base 5.
-1
Convert 7 (base 15) to base 2.
111
Convert 0 (base 6) to base 7.
0
Convert -5 (base 15) to base 5.
-10
What is 3 (base 6) in base 13?
3
Convert -4 (base 10) to base 14.
-4
29 (base 13) to base 2
100011
0 (base 13) to base 7
0
Convert -267 (base 9) to base 11.
-193
What is -ab (base 15) in base 2?
-10100001
23 (base 12) to base 16
1b
222 (base 9) to base 10
182
What is 43 (base 6) in base 4?
123
What is -3 (base 13) in base 7?
-3
What is -1 (base 8) in base 4?
-1
12 (base 3) to base 15
5
-4 (base 7) to base 12
-4
What is 1311 (base 4) in base 14?
85
Convert -21 (base 3) to base 14.
-7
What is -46 (base 13) in base 11?
-53
Convert 2 (base 16) to base 4.
2
What is -18 (base 11) in base 16?
-13
Convert -b (base 14) to base 10.
-11
Convert -3a (base 11) to base 10.
-43
Convert 157 (base 8) to base 16.
6f
Convert -25 (base 7) to base 3.
-201
-37 (base 8) to base 11
-29
53 (base 6) to base 3
1020
203 (base 7) to base 14
73
Convert -10010 (base 2) to base 8.
-22
b4 (base 13) to base 4
2103
Convert 101010 (base 2) to base 5.
132
-3 (base 13) to base 16
-3
1002 (base 3) to base 5
104
What is -4b (base 15) in base 8?
-107
What is -3 (base 13) in base 8?
-3
Convert 50 (base 6) to base 8.
36
Convert -321 (base 6) to base 3.
-11111
-4 (base 12) to base 10
-4
What is -1010101 (base 2) in base 3?
-10011
What is -53 (base 7) in base 3?
-1102
1132 (base 6) to base 11
228
What is -7 (base 12) in base 8?
-7
-3 (base 16) to base 6
-3
What is 11 (base 4) in base 11?
5
Convert 1112 (base 3) to base 7.
56
What is 11 (base 4) in base 8?
5
-142 (base 10) to base 11
-11a
What is -3301 (base 4) in base 6?
-1041
What is 62 (base 12) in base 16?
4a
What is 15 (base 11) in base 7?
22
5 (base 10) to base 7
5
What is -20 (base 3) in base 6?
-10
What is -154 (base 8) in base 7?
-213
-12 (base 4) to base 7
-6
What is -4 (base 16) in base 10?
-4
What is 51 (base 9) in base 13?
37
Convert 100 (base 3) to base 7.
12
-d (base 15) to base 12
-11
25 (base 8) to base 9
23
What is -1 (base 16) in base 10?
-1
What is 40 (base 6) in base 7?
33
Convert -66 (base 13) to base 12.
-70
Convert 3 (base 15) to base 7.
3
-16 (base 15) to base 6
-33
What is -14 (base 6) in base 8?
-12
Convert 125 (base 9) to base 4.
1220
What is -261 (base 7) in base 16?
-8d
What is 101 (base 2) in base 6?
5
30 (base 8) to base 11
22
What is 25 (base 14) in base 16?
21
What is 27 (base 13) in base 15?
23
Convert 2 (base 16) to base 11.
2
-120 (base 4) to base 12
-20
Convert 2 (base 13) to base 8.
2
-11000 (base 2) to base 6
-40
What is -1 (base 7) in base 12?
-1
-9 (base 15) to base 8
-11
-7 (base 11) to base 4
-13
-1 (base 15) to base 6
-1
4c (base 16) to base 13
5b
Convert -222 (base 3) to base 5.
-101
What is 159 (base 11) in base 4?
2321
Convert 32 (base 4) to base 10.
14
What is -6 (base 13) in base 2?
-110
Convert 32 (base 8) to base 16.
1a
14 (base 13) to base 10
17
What is 22 (base 8) in base 3?
200
-102 (base 3) to base 10
-11
Convert 352 (base 6) to base 7.
260
Convert 126 (base 7) to base 9.
76
Convert -11 (base 4) to base 8.
-5
What is 22 (base 9) in base 12?
18
Convert -13 (base 7) to base 8.
-12
What is 1 (base 13) in base 11?
1
Convert -4 (base 5) to base 13.
-4
7 (base 15) to base 10
7
Convert 3 (base 10) to base 16.
3
What is 4 (base 13) in base 9?
4
Convert -405 (base 8) to base 7.
-522
What is 100 (base 2) in base 12?
4
-101 (base 10) to base 5
-401
What is -104 (base 8) in base 2?
-1000100
What is 11 (base 2) in base 9?
3
34 (base 16) to base 15
37
What is -3 (base 8) in base 6?
-3
What is 2 (base 4) in base 13?
2
Convert -1515 (base 6) to base 4.
-12113
-2 (base 7) to base 11
-2
1 (base 9) to base 3
1
Convert 13 (base 13) to base 15.
11
What is -6 (base 15) in base 16?
-6
10 (base 8) to base 13
8
What is 5 (base 12) in base 7?
5
139 (base 13) to base 14
117
Convert 10 (base 9) to base 13.
9
Convert c (base 14) to base 10.
12
-20 (base 14) to base 16
-1c
Convert 16 (base 14) to base 15.
15
Convert -2 (base 4) to base 7.
-2
What is -24 (base 6) in base 8?
-20
What is 0 (base 15) in base 13?
0
Convert -7 (base 14) to base 12.
-7
15 (base 15) to base 4
110
What is -d (base 16) in base 4?
-31
What is 0 (base 7) in base 13?
0
1 (base 10) to base 11
1
Convert 340 (base 6) to base 12.
b0
110 (base 4) to base 7
26
0 (base 16) to base 14
0
Convert -32 (base 12) to base 6.
-102
Convert -10 (base 2) to base 13.
-2
0 (base 5) to base 13
0
Convert -2 (base 8) to base 10.
-2
What is -6 (base 13) in base 4?
-12
Convert -34 (base 11) to base 15.
-27
-15 (base 15) to base 4
-110
What is -74 (base 16) in base 9?
-138
1212 (base 3) to base 10
50
What is -4e (base 16) in base 6?
-210
Convert 10101001 (base 2) to base 3.
20021
Convert -127 (base 13) to base 12.
-14a
-22 (base 4) to base 6
-14
-10 (base 2) to base 9
-2
Convert 8 (base 13) to base 5.
13
What is -3 (base 6) in base 4?
-3
6 (base 14) to base 16
6
-2 (base 5) to base 15
-2
-7 (base 16) to base 8
-7
-1111 (base 2) to base 8
-17
-25 (base 10) to base 9
-27
What is 0 (base 3) in base 16?
0
0 (base 4) to base 12
0
-33 (base 9) to base 14
-22
2 (base 13) to base 11
2
211 (base 7) to base 3
10221
What is -2 (base 12) in base 15?
-2
-4 (base 16) to base 5
-4
What is 10 (base 4) in base 11?
4
What is -9 (base 13) in base 11?
-9
What is -23 (base 11) in base 5?
-100
-15 (base 10) to base 13
-12
-67 (base 8) to base 6
-131
Convert 6 (base 7) to base 13.
6
-2 (base 6) to base 10
-2
What is 4 (base 5) in base 12?
4
Convert -1 (base 10) to base 8.
-1
Convert -3 (base 4) to base 12.
-3
0 (base 7) to base 16
0
Convert 56 (base 8) to base 7.
64
What is 10100101 (base 2) in base 13?
c9
Convert -45 (base 16) to base 9.
-76
1 (ba